uppose -3*h + 7 = -5. Suppose 0*o - 8 = o - 3*n, 2*n = o + h. Suppose 0*x + o*x - 76 = 0. Is x a prime number?
True
Suppose 6*p = 3*p + 5*r + 926, p - r - 308 = 0. Is p a prime number?
True
Let i = 118804 + -56205. Is i a composite number?
True
Let v be (-6 - (-5 - -2)) + 3. Suppose 4*h - 14460 = -v*h. Suppose -m - 5*d + 699 = 0, -3*d - h = -5*m + 2*d. Is m a prime number?
True
Is -3 - ((-8)/20 + 49152/(-20)) prime?
False
Suppose 100*c - 12 = 102*c. Let l = 116 - -263. Let q = c + l. Is q a prime number?
True
Let s = 15 - 11. Suppose 978 = s*r - 1250. Is r a composite number?
False
Is 21 + -14 - 8134/(-1) prime?
False
Suppose 5*l - v - 5 = 0, -4*l - 4*v + 23 = -v. Suppose -l*c + 63 = t, t = -t - 5*c + 122. Is t prime?
True
Let m = 6861 + 3988. Is m prime?
False
Let k = 84 - -824. Suppose -2*n - 593 = -3*z + k, -z + 509 = -5*n. Is z composite?
False
Let w(i) = -3*i. Let q be w(-1). Suppose x + u = -3*u + 265, q*u = -2*x + 520. Is x prime?
True
Let g = 1385 - -14. Is g prime?
True
Suppose 2*j - 3 + 5 = 0, 3*d = -j + 5. Let n be d/6*(-2 - -179). Suppose 3*i = 52 + n. Is i composite?
False
Let a(r) = -435*r + 313. Is a(-8) prime?
True
Suppose 0*k - 2*k + 50 = 5*a, 5*k - 57 = -4*a. Let w = a + -8. Suppose b + w*b - 697 = 0. Is b composite?
True
Suppose 3*t = -p + 3367 + 32541, 5*t = 3*p + 59842. Is t prime?
True
Let a be (5/(-20))/(1/(-124)). Suppose 2*k - 21 - a = 0. Suppose -k = 3*v + 2*u - 156, -3*v + 142 = -u. Is v composite?
True
Let h = -220 - -275. Let y be 0 + 425 - (3 - 4). Let v = y + h. Is v prime?
False
Let y(x) = -60*x**2 - 2*x + 1. Let k = -12 - -13. Let z be y(k). Let l = z - -296. Is l prime?
False
Let f = 52 + -47. Suppose -4*j + 4*q + 2884 = 0, j - 2167 = -2*j + f*q. Is j a composite number?
False
Let k = 22 + -17. Is 201/2*(-1 + k - 2) composite?
True
Suppose 2*k + 554 = 2*w, 4*w - 49*k = -46*k + 1106. Suppose -4*v + 16 = 0, 0*d - 2*d - 162 = -4*v. Let a = w + d. Is a prime?
False
Let o be (-12)/(-8)*-1*446. Let a = o - -249. Let v = a + 707. Is v a prime number?
False
Suppose -r = 4*l - 190 + 7, -2*l - 4 = 0. Is r composite?
False
Suppose -1390 = -3*c + 8*c. Let a = 481 + c. Is a composite?
True
Suppose -13796 = -3*v - 5*j, 22990 = 3*v + 2*v + 5*j. Is v composite?
False
Let k = -231 + 710. Is k a prime number?
True
Let l(g) = -g**2 - 10*g - 12. Let v be l(-8). Suppose 0*r - v*r + x + 842 = 0, -3*x = -6. Is r composite?
False
Let b = 3652 + 1011. Is b composite?
False
Let b(p) = 4742*p + 3. Let g be b(1). Let w = g + -3052. Is w prime?
True
Let n(a) = a - 1. Let w be n(3). Let i(j) = 46*j**3 - 2*j + 2. Let m be i(w). Is m/(-8)*(-96)/36 a composite number?
True
Let x = -45 + 47. Suppose 0 = a - x, 3*a + 3029 = l - a. Is l prime?
True
Suppose 292591 = -23*g + 732949. Suppose -f + g = 5*f. Is f prime?
True
Suppose 6*f - 6019 - 3425 = 0. Is f a prime number?
False
Let d be 8*-20*(-17)/((-765)/18). Suppose -109 = -4*f + 3*f + 5*i, 262 = 2*f + i. Let s = d + f. Is s prime?
False
Suppose 0 = -11*b + 2 - 2. Suppose -i = w - b*i - 2613, 4*w + 5*i = 10448. Is w a prime number?
True
Suppose -3*b - 326 = -29. Let l be (-52)/(-9) - 22/b. Is l/(-27) - 4450/(-18) a composite number?
True
Suppose 4*d = 6*d - 746. Is d a composite number?
False
Let g be (-2*8)/((-1)/19). Suppose n + 2*n = 5*s - g, n = 4*s - 106. Let c = n - -157. Is c prime?
True
Let s(l) = 3*l**2 + 15*l + 2. Let g be s(-5). Let z(x) = 4*x**2 + 2 + 1 + 4*x**g. Is z(4) a prime number?
True
Let t(k) = 17*k + 22. Let o be t(6). Let m = o - -179. Is m a composite number?
True
Let m(p) = p**2 + 6*p + 1. Let w be m(-6). Let i be 25/10*(11 + w). Suppose -c + 13 = -i. Is c a composite number?
False
Let d = 24773 - 14472. Is d prime?
True
Let v = -9 - -11. Let l be -3 + v/(-4)*-8. Is l/(-7) + 6849/21 a composite number?
True
Let m = -38103 + 103154. Is m a prime number?
False
Let f = -141890 + 247963. Is f a prime number?
False
Let x(h) = h**2 - 4*h - 1. Let r be x(5). Suppose -5*k + 4*k = 5, -k = r*j - 6623. Is j composite?
False
Let i(l) = -2*l + 12. Let f be i(5). Let g(u) = u - u - 13 + 2 - 4*u + 7*u**f. Is g(6) a composite number?
True
Suppose 4*z - 71 = -0*k - 3*k, 5*k = -z + 39. Let n(v) = v**3 - 14*v**2 + 4. Let g be n(z). Is 1/2 - (-506)/g a composite number?
False
Let p(z) = -z + 1. Let u(f) = 3*f + 18. Let x be u(-6). Let c be p(x). Is (-3)/c - (-244 + -6) a prime number?
False
Let f be ((-8)/(-6))/(7/21). Let x be 158*f/16*2. Let k = x - -70. Is k prime?
True
Suppose a - 379 = 4*r + 25, -5*a + 2064 = 2*r. Let h = a + -105. Is h a prime number?
True
Let q(t) = 115*t + 10. Let d be q(-7). Let v = -1822 - d. Let r = 1914 + v. Is r a prime number?
True
Suppose 2*d = -2*u - 56, u + 5*d + 114 = -3*u. Let o = u + 22. Let w = o + 7. Is w composite?
False
Is 165/198 + (17221/6 - 2) a prime number?
False
Let x(a) = -a**2 - 6*a + 7. Let s be x(-7). Suppose p + 3*p - 24 = s. Is p/21 - 981/(-21) a composite number?
False
Let z(i) = 52*i**2 + 8*i - 7. Let c = -11 - -14. Is z(c) prime?
False
Let i be (-24)/84 + (-19)/7. Let w(f) = 31*f**2 - 4*f. Is w(i) composite?
True
Suppose u = -357 - 5. Suppose -5*j - 5*c = 810, 2*c - 5 = 7*c. Let t = j - u. Is t a composite number?
True
Let i(d) = 121*d**2 - 15*d + 1. Is i(6) a prime number?
False
Let k(y) = y**2 + 14*y + 6. Let d be k(-13). Let t = 184 - d. Is t composite?
False
Suppose l + 0*l = 3*u + 2717, 3*l + u - 8111 = 0. Let w = l - 1791. Is w a prime number?
False
Let u be 427/(0 - -1)*1. Let d(z) = 39*z**2 + 44*z + 3. Let p be d(-5). Let h = p - u. Is h composite?
False
Let k = 565 + -329. Suppose -8*l + 3412 = k. Is l a prime number?
True
Let b be ((-14)/(-21))/((-2)/(-15)). Suppose -1659 = b*x - 8*x. Is x a composite number?
True
Let x = -11136 + 22029. Is x prime?
False
Suppose 2 - 6 = -2*u, -2*p + 4*u = -100604. Is p composite?
True
Is 0/6 - -1*(4 + 13573) prime?
True
Let c be (1/2)/((-8)/(-256)). Let b = 16 - c. Suppose 7*x - 3*x - 7556 = b. Is x a composite number?
False
Is (-10 - -10) + 4091*5/5 a composite number?
False
Let l(w) = -w**2 + 8*w + 35. Let a be l(11). Suppose 3*b = -g + 1886, a*g - 4*b = -0*g + 3782. Is g composite?
False
Is 34792 + (-1 - 17)/(-6) a prime number?
False
Suppose -3*z = -30 - 3. Suppose 1318 = z*g - 9*g. Is g a prime number?
True
Suppose -5*q - 4*i - 107 = 0, -5*q - 149 = -i - 32. Let v(u) = -40*u - 13. Is v(q) composite?
False
Let t = -6602 - -11323. Is t prime?
True
Suppose 0 = -5*r - 5*d - 3185, 6 + 0 = -2*d. Is r*4/(-14)*(-7)/(-4) prime?
True
Suppose -n = 48 + 36. Let r = n - -341. Is r composite?
False
Let r = 10 + -9. Let h be r/(-3) - 184/(-3). Suppose -5*y + 83 = 2*m, 3*y + h = m - y. Is m composite?
True
Suppose 12 = 4*j + 2*a, 0 = j - 0*j + 4*a - 3. Suppose 7*z - 508 = j*z. Is z a composite number?
False
Let w(a) = -a**2 - 10*a - 17. Let p be w(-12). Let s = 44 - p. Suppose -5*r = 2*d - s, -2*d + 7*d = 2*r - 63. Is r a composite number?
False
Let x be ((-4)/3)/(-2)*(-165)/(-10). Let y(w) = 39*w - 14. Is y(x) a prime number?
False
Let u = -75 - 31. Let r = -71 - u. Is r composite?
True
Let q be 502/6 - 24/36. Let p = q + -59. Suppose v - 6 = -i + 6*i, v + i - p = 0. Is v composite?
True
Suppose 10 = 4*w - 0*w - 2*r, 0 = 4*r - 12. Suppose -2*z - 2960 = -w*z. Suppose -2*i = a - 741, z = 4*i + 3*a + a. Is i a prime number?
False
Suppose q + 5*q - 882 = 0. Let v = q + -273. Is 3 - (-1 + 3 + v) composite?
False
Let m(f) = -3*f**3 - 17*f**2 - 13*f + 9. Let p be m(-14). Suppose -5*u = 486 - p. Is u a prime number?
False
Let l = -54 + 51. Is (2841/(-4))/(l/12) composite?
True
Suppose -2*f - 2*j + 203 = 3*f, -4*f - 4*j = -172. Let v = f - -46. Suppose 5*n + v = 5*q, -3*n + 102 - 33 = 5*q. Is q a composite number?
True
Let r be (654/(-4))/(3 + (-810)/264). Let g = r - 1229. Is g prime?
False
Let h(b) be the second derivative of b**5/20 - 5*b**4/12 - 3*b**3 + 25*b**2/2 - 23*b. Is h(11) a prime number?
False
Let p(z) = -z. Suppose -7*h = -4*h + 12. Let m be p(h). Suppose 3*d - m*s - 247 = s, s + 160 = 2*d. Is d a prime number?
True
Let s be 873/5 - 2/(-5). Suppose 0 = 5*c + 25 - s. Suppose 0*p + c = 3*p. Is p a prime number?
False
Suppose 0 = -2*z + 359 - 129. Suppose 1066 = 3*r + z. Is r a composite number?
False
Let b be ((-3)/3 - -5) + 7248/2. Suppose 0 = 6*v - 10*v + b. Is v prime?
True
Suppose -l + 19*